[INFO] cloning repository https://github.com/bootandy/ray
[INFO] running `Command { std: "git" "-c" "credential.helper=" "-c" "credential.helper=/workspace/cargo-home/bin/git-credential-null" "clone" "--bare" "https://github.com/bootandy/ray" "/workspace/cache/git-repos/https%3A%2F%2Fgithub.com%2Fbootandy%2Fray", kill_on_drop: false }`
[INFO] [stderr] Cloning into bare repository '/workspace/cache/git-repos/https%3A%2F%2Fgithub.com%2Fbootandy%2Fray'...
[INFO] running `Command { std: "git" "rev-parse" "HEAD", kill_on_drop: false }`
[INFO] [stdout] c44882b806d7c2889058870944d479933be3271e
[INFO] checking bootandy/ray against master#9610dfe5a9a731ced1ea4923ecbd0c57fe367898 for beta-170-4
[INFO] running `Command { std: "git" "clone" "/workspace/cache/git-repos/https%3A%2F%2Fgithub.com%2Fbootandy%2Fray" "/workspace/builds/worker-5-tc1/source", kill_on_drop: false }`
[INFO] [stderr] Cloning into '/workspace/builds/worker-5-tc1/source'...
[INFO] [stderr] done.
[INFO] validating manifest of git repo https://github.com/bootandy/ray on toolchain 9610dfe5a9a731ced1ea4923ecbd0c57fe367898
[INFO] running `Command { std: CARGO_HOME="/workspace/cargo-home" RUSTUP_HOME="/workspace/rustup-home" "/workspace/cargo-home/bin/cargo" "+9610dfe5a9a731ced1ea4923ecbd0c57fe367898" "metadata" "--manifest-path" "Cargo.toml" "--no-deps", kill_on_drop: false }`
[INFO] started tweaking git repo https://github.com/bootandy/ray
[INFO] finished tweaking git repo https://github.com/bootandy/ray
[INFO] tweaked toml for git repo https://github.com/bootandy/ray written to /workspace/builds/worker-5-tc1/source/Cargo.toml
[INFO] crate git repo https://github.com/bootandy/ray already has a lockfile, it will not be regenerated
[INFO] running `Command { std: CARGO_HOME="/workspace/cargo-home" RUSTUP_HOME="/workspace/rustup-home" "/workspace/cargo-home/bin/cargo" "+9610dfe5a9a731ced1ea4923ecbd0c57fe367898" "fetch" "--manifest-path" "Cargo.toml", kill_on_drop: false }`
[INFO] [stderr]  Downloading crates ...
[INFO] [stderr]   Downloaded proc-macro2 v0.4.23
[INFO] [stderr]   Downloaded syn v0.15.20
[INFO] [stderr]   Downloaded itertools v0.7.9
[INFO] running `Command { std: "docker" "create" "-v" "/var/lib/crater-agent-workspace/builds/worker-5-tc1/target:/opt/rustwide/target:rw,Z" "-v" "/var/lib/crater-agent-workspace/builds/worker-5-tc1/source:/opt/rustwide/workdir:ro,Z" "-v" "/var/lib/crater-agent-workspace/cargo-home:/opt/rustwide/cargo-home:ro,Z" "-v" "/var/lib/crater-agent-workspace/rustup-home:/opt/rustwide/rustup-home:ro,Z" "-e" "SOURCE_DIR=/opt/rustwide/workdir" "-e" "CARGO_TARGET_DIR=/opt/rustwide/target" "-e" "CARGO_HOME=/opt/rustwide/cargo-home" "-e" "RUSTUP_HOME=/opt/rustwide/rustup-home" "-w" "/opt/rustwide/workdir" "-m" "1610612736" "--user" "0:0" "--network" "none" "ghcr.io/rust-lang/crates-build-env/linux@sha256:19e73879b68f455e41552ea35293514db52ea292d993f571636dbffedb77a1ee" "/opt/rustwide/cargo-home/bin/cargo" "+9610dfe5a9a731ced1ea4923ecbd0c57fe367898" "metadata" "--no-deps" "--format-version=1", kill_on_drop: false }`
[INFO] [stdout] dbf5669deaeca0acd2dec9aa16c947ad96188a88645eab6a34afd14af4c77324
[INFO] running `Command { std: "docker" "start" "-a" "dbf5669deaeca0acd2dec9aa16c947ad96188a88645eab6a34afd14af4c77324", kill_on_drop: false }`
[INFO] running `Command { std: "docker" "inspect" "dbf5669deaeca0acd2dec9aa16c947ad96188a88645eab6a34afd14af4c77324", kill_on_drop: false }`
[INFO] running `Command { std: "docker" "rm" "-f" "dbf5669deaeca0acd2dec9aa16c947ad96188a88645eab6a34afd14af4c77324", kill_on_drop: false }`
[INFO] [stdout] dbf5669deaeca0acd2dec9aa16c947ad96188a88645eab6a34afd14af4c77324
[INFO] running `Command { std: "docker" "create" "-v" "/var/lib/crater-agent-workspace/builds/worker-5-tc1/target:/opt/rustwide/target:rw,Z" "-v" "/var/lib/crater-agent-workspace/builds/worker-5-tc1/source:/opt/rustwide/workdir:ro,Z" "-v" "/var/lib/crater-agent-workspace/cargo-home:/opt/rustwide/cargo-home:ro,Z" "-v" "/var/lib/crater-agent-workspace/rustup-home:/opt/rustwide/rustup-home:ro,Z" "-e" "SOURCE_DIR=/opt/rustwide/workdir" "-e" "CARGO_TARGET_DIR=/opt/rustwide/target" "-e" "CARGO_INCREMENTAL=0" "-e" "RUST_BACKTRACE=full" "-e" "RUSTFLAGS=--cap-lints=forbid" "-e" "RUSTDOCFLAGS=--cap-lints=forbid" "-e" "CARGO_HOME=/opt/rustwide/cargo-home" "-e" "RUSTUP_HOME=/opt/rustwide/rustup-home" "-w" "/opt/rustwide/workdir" "-m" "1610612736" "--user" "0:0" "--network" "none" "ghcr.io/rust-lang/crates-build-env/linux@sha256:19e73879b68f455e41552ea35293514db52ea292d993f571636dbffedb77a1ee" "/opt/rustwide/cargo-home/bin/cargo" "+9610dfe5a9a731ced1ea4923ecbd0c57fe367898" "check" "--frozen" "--all" "--all-targets" "--message-format=json", kill_on_drop: false }`
[INFO] [stdout] e47ac774c6ff075fc2e80a6307722415118be9fa4b5bf0480034f0c3ac54dce0
[INFO] running `Command { std: "docker" "start" "-a" "e47ac774c6ff075fc2e80a6307722415118be9fa4b5bf0480034f0c3ac54dce0", kill_on_drop: false }`
[INFO] [stderr]     Checking cfg-if v0.1.6
[INFO] [stderr]     Checking lazy_static v1.2.0
[INFO] [stderr]    Compiling num-traits v0.2.15
[INFO] [stderr]     Checking arrayvec v0.4.7
[INFO] [stderr]     Checking num_cpus v1.8.0
[INFO] [stderr]    Compiling rayon v1.0.3
[INFO] [stderr]    Compiling proc-macro2 v0.4.23
[INFO] [stderr]    Compiling miniz_oxide v0.4.4
[INFO] [stderr]     Checking crossbeam-utils v0.2.2
[INFO] [stderr]    Compiling num-rational v0.3.2
[INFO] [stderr]     Checking weezl v0.1.6
[INFO] [stderr]     Checking deflate v0.8.6
[INFO] [stderr]     Checking crossbeam-epoch v0.3.1
[INFO] [stderr]     Checking rand_core v0.3.0
[INFO] [stderr]     Checking gif v0.11.3
[INFO] [stderr]     Checking bytemuck v1.9.1
[INFO] [stderr]     Checking crossbeam-deque v0.2.0
[INFO] [stderr]     Checking rand_core v0.2.2
[INFO] [stderr]     Checking rand v0.5.5
[INFO] [stderr]     Checking png v0.16.8
[INFO] [stderr]     Checking rayon-core v1.4.1
[INFO] [stderr]     Checking itertools v0.7.9
[INFO] [stderr]    Compiling quote v0.6.10
[INFO] [stderr]    Compiling syn v0.15.20
[INFO] [stderr]     Checking num-integer v0.1.45
[INFO] [stderr]     Checking num-iter v0.1.37
[INFO] [stderr]     Checking jpeg-decoder v0.1.22
[INFO] [stderr]     Checking tiff v0.6.1
[INFO] [stderr]     Checking image v0.23.12
[INFO] [stderr]    Compiling derive_more v0.13.0
[INFO] [stderr]     Checking ray v0.1.0 (/opt/rustwide/workdir)
[INFO] [stdout] warning: unused import: `PURE_COLOR`
[INFO] [stdout]  --> src/data/textures.rs:6:5
[INFO] [stdout]   |
[INFO] [stdout] 6 | use PURE_COLOR;
[INFO] [stdout]   |     ^^^^^^^^^^
[INFO] [stdout]   |
[INFO] [stdout]   = note: `#[warn(unused_imports)]` on by default
[INFO] [stdout] 
[INFO] [stdout] 
[INFO] [stdout] warning: unused import: `PURE_COLOR`
[INFO] [stdout]  --> src/data/textures.rs:6:5
[INFO] [stdout]   |
[INFO] [stdout] 6 | use PURE_COLOR;
[INFO] [stdout]   |     ^^^^^^^^^^
[INFO] [stdout]   |
[INFO] [stdout]   = note: `#[warn(unused_imports)]` on by default
[INFO] [stdout] 
[INFO] [stdout] 
[INFO] [stdout] error[E0609]: no field `data` on type `Rgba<u8>`
[INFO] [stdout]    --> src/data/textures.rs:165:28
[INFO] [stdout]     |
[INFO] [stdout] 165 |         let colors = pixel.data;
[INFO] [stdout]     |                            ^^^^ unknown field
[INFO] [stdout]     |
[INFO] [stdout]     = note: available fields are: `0`
[INFO] [stdout] 
[INFO] [stdout] 
[INFO] [stdout] error[E0609]: no field `data` on type `Rgba<u8>`
[INFO] [stdout]    --> src/data/textures.rs:165:28
[INFO] [stdout]     |
[INFO] [stdout] 165 |         let colors = pixel.data;
[INFO] [stdout]     |                            ^^^^ unknown field
[INFO] [stdout]     |
[INFO] [stdout]     = note: available fields are: `0`
[INFO] [stdout] 
[INFO] [stdout] 
[INFO] [stdout] error: aborting due to previous error; 1 warning emitted
[INFO] [stdout] 
[INFO] [stdout] 
[INFO] [stdout] For more information about this error, try `rustc --explain E0609`.
[INFO] [stdout] 
[INFO] [stdout] error[E0063]: missing field `scale` in initializer of `textures::NoiseTexture`
[INFO] [stdout]    --> src/data/textures.rs:209:17
[INFO] [stdout]     |
[INFO] [stdout] 209 |         let n = NoiseTexture { ran_float };
[INFO] [stdout]     |                 ^^^^^^^^^^^^ missing `scale`
[INFO] [stdout] 
[INFO] [stdout] 
[INFO] [stderr] error: could not compile `ray` (bin "ray") due to 2 previous errors; 1 warning emitted
[INFO] [stderr] warning: build failed, waiting for other jobs to finish...
[INFO] [stdout] error[E0308]: mismatched types
[INFO] [stdout]    --> src/data/textures.rs:209:32
[INFO] [stdout]     |
[INFO] [stdout] 209 |         let n = NoiseTexture { ran_float };
[INFO] [stdout]     |                                ^^^^^^^^^ expected `[Point; 256]`, found `[u8; 256]`
[INFO] [stdout]     |
[INFO] [stdout]     = note: expected array `[vec3::Point; 256]`
[INFO] [stdout]                found array `[u8; 256]`
[INFO] [stdout] 
[INFO] [stdout] 
[INFO] [stdout] error: aborting due to 3 previous errors; 1 warning emitted
[INFO] [stdout] 
[INFO] [stdout] 
[INFO] [stdout] Some errors have detailed explanations: E0063, E0308, E0609.
[INFO] [stdout] 
[INFO] [stdout] For more information about an error, try `rustc --explain E0063`.
[INFO] [stdout] 
[INFO] [stderr] error: could not compile `ray` (bin "ray" test) due to 4 previous errors; 1 warning emitted
[INFO] running `Command { std: "docker" "inspect" "e47ac774c6ff075fc2e80a6307722415118be9fa4b5bf0480034f0c3ac54dce0", kill_on_drop: false }`
[INFO] running `Command { std: "docker" "rm" "-f" "e47ac774c6ff075fc2e80a6307722415118be9fa4b5bf0480034f0c3ac54dce0", kill_on_drop: false }`
[INFO] [stdout] e47ac774c6ff075fc2e80a6307722415118be9fa4b5bf0480034f0c3ac54dce0
